2?
10110
Convert 3 (base 4) to base 7.
3
Convert -3 (base 11) to base 13.
-3
-6 (base 10) to base 5
-11
Convert -3 (base 12) to base 7.
-3
-18 (base 10) to base 5
-33
What is -48 (base 12) in base 6?
-132
What is -4 (base 7) in base 11?
-4
What is -16 (base 8) in base 2?
-1110
352 (base 9) to base 15
145
Convert -1102 (base 3) to base 4.
-212
3 (base 15) to base 8
3
-101 (base 4) to base 5
-32
-123 (base 5) to base 4
-212
Convert 35 (base 8) to base 12.
25
Convert -9 (base 16) to base 2.
-1001
Convert -c (base 13) to base 15.
-c
78 (base 12) to base 5
332
What is -45 (base 14) in base 6?
-141
Convert 2 (base 14) to base 8.
2
52 (base 14) to base 9
80
3 (base 12) to base 10
3
What is 2 (base 4) in base 10?
2
What is -4 (base 13) in base 16?
-4
What is 168 (base 11) in base 7?
366
Convert -a (base 11) to base 5.
-20
-12 (base 11) to base 13
-10
Convert -2 (base 6) to base 13.
-2
Convert ac (base 13) to base 4.
2032
Convert -2 (base 3) to base 6.
-2
30 (base 15) to base 6
113
What is -66 (base 10) in base 9?
-73
-1122 (base 4) to base 15
-60
6 (base 15) to base 5
11
Convert -95 (base 14) to base 15.
-8b
What is 3 (base 10) in base 13?
3
1 (base 5) to base 4
1
What is c (base 14) in base 5?
22
Convert 69 (base 11) to base 13.
5a
What is -11 (base 9) in base 12?
-a
-10 (base 12) to base 14
-c
What is -3 (base 10) in base 2?
-11
Convert 415 (base 8) to base 12.
1a5
What is -9 (base 16) in base 7?
-12
What is -2320 (base 4) in base 11?
-158
-4 (base 11) to base 8
-4
Convert -40 (base 6) to base 8.
-30
What is 1 (base 13) in base 9?
1
64 (base 8) to base 10
52
Convert -202 (base 4) to base 3.
-1021
Convert -2 (base 10) to base 4.
-2
Convert -104 (base 6) to base 11.
-37
Convert -4 (base 14) to base 13.
-4
-10 (base 6) to base 15
-6
110000 (base 2) to base 4
300
What is 66 (base 15) in base 6?
240
What is 220 (base 6) in base 8?
124
What is 153 (base 8) in base 11?
98
Convert -28 (base 10) to base 11.
-26
What is 40 (base 15) in base 8?
74
-11000 (base 3) to base 5
-413
8 (base 15) to base 10
8
245 (base 9) to base 14
107
130 (base 5) to base 16
28
-2111 (base 4) to base 5
-1044
What is -51 (base 9) in base 4?
-232
Convert -4 (base 11) to base 16.
-4
Convert 5 (base 16) to base 2.
101
76 (base 9) to base 10
69
What is -2a (base 16) in base 13?
-33
-79 (base 16) to base 13
-94
What is -125 (base 16) in base 7?
-566
What is 113 (base 15) in base 11?
201
Convert -1 (base 4) to base 10.
-1
3 (base 16) to base 12
3
What is 14 (base 13) in base 15?
12
-10 (base 6) to base 14
-6
Convert 72 (base 15) to base 8.
153
What is 1 (base 16) in base 4?
1
What is -10 (base 2) in base 12?
-2
What is -6 (base 15) in base 6?
-10
110 (base 2) to base 12
6
-1112 (base 3) to base 12
-35
Convert -1101100 (base 2) to base 14.
-7a
What is -6 (base 9) in base 12?
-6
0 (base 15) to base 14
0
What is -341 (base 6) in base 5?
-1013
a (base 16) to base 4
22
Convert -62 (base 9) to base 4.
-320
What is -1052 (base 6) in base 12?
-188
Convert 2 (base 6) to base 12.
2
What is 2 (base 13) in base 3?
2
What is 32 (base 11) in base 10?
35
What is -80 (base 13) in base 2?
-1101000
Convert 41 (base 14) to base 4.
321
Convert -8 (base 13) to base 14.
-8
Convert 1 (base 12) to base 8.
1
0 (base 9) to base 4
0
1022 (base 3) to base 2
100011
What is 3 (base 12) in base 4?
3
What is -3 (base 16) in base 8?
-3
Convert -41 (base 10) to base 5.
-131
Convert 6a (base 12) to base 5.
312
What is 4 (base 8) in base 10?
4
What is -10 (base 6) in base 2?
-110
Convert 48 (base 13) to base 10.
60
Convert -2 (base 4) to base 16.
-2
Convert -67 (base 8) to base 12.
-47
Convert 3c (base 14) to base 15.
39
Convert a (base 14) to base 11.
a
What is 10100001 (base 2) in base 3?
12222
Convert 0 (base 12) to base 5.
0
What is -1a (base 15) in base 6?
-41
5 (base 13) to base 8
5
Convert 5 (base 10) to base 7.
5
Convert -3 (base 5) to base 6.
-3
Convert -152 (base 8) to base 2.
-1101010
What is 2 (base 15) in base 8?
2
Convert 1 (base 2) to base 9.
1
Convert -d (base 14) to base 16.
-d
-13 (base 7) to base 6
-14
What is -1a (base 12) in base 9?
-24
Convert 10100 (base 2) to base 8.
24
Convert 145 (base 9) to base 8.
172
-dd (base 16) to base 3
-22012
What is -20 (base 5) in base 11?
-a
What is -2 (base 3) in base 2?
-10
0 (base 7) to base 16
0
What is -11 (base 7) in base 10?
-8
What is -322 (base 5) in base 12?
-73
-263 (base 11) to base 5
-2221
-2 (base 7) to base 8
-2
What is 2 (base 14) in base 5?
2
Convert -3 (base 12) to base 7.
-3
Convert -2 (base 11) to base 10.
-2
Convert -37 (base 9) to base 15.
-24
Convert -321 (base 6) to base 2.
-1111001
What is -163 (base 8) in base 13?
-8b
Convert 2 (base 7) to base 15.
2
Convert -118 (base 13) to base 3.
-21001
What is 122 (base 4) in base 7?
35
What is 79 (base 14) in base 7?
212
2 (base 3) to base 7
2
2 (base 10) to base 12
2
-2 (base 9) to base 2
-10
20 (base 5) to base 6
14
1 (base 5) to base 8
1
3 (base 14) to base 9
3
What is -14 (base 12) in base 4?
-100
77 (base 15) to base 2
1110000
What is 111 (base 6) in base 7?
61
Convert 20 (base 3) to base 15.
6
-52 (base 6) to base 11
-2a
Convert 7 (base 15) to base 4.
13
What is 18 (base 13) in base 16?
15
What is 21 (base 10) in base 9?
23
-3 (base 13) to base 14
-3
210 (base 4) to base 12
30
Convert -221 (base 7) to base 3.
-11012
Convert -1 (base 10) to base 2.
-1
0 (base 3) to base 2
0
What is -9 (base 13) in base 16?
-9
10 (base 3) to base 7
3
What is 5 (base 7) in base 16?
5
Convert 4a (base 16) to base 14.
54
Convert -152 (base 6) to base 4.
-1010
Convert -3 (base 6) to base 15.
-3
-3a (base 15) to base 13
-43
Convert 1010 (base 2) to base 5.
20
What is -135 (base 16) in base 11?
-261
What is 35 (base 9) in base 8?
40
What is 5 (base 7) in base 13?
5
What is -33 (base 11) in base 13?
-2a
23 (base 5) to base 13
10
1 (base 2) to base 15
1
Convert 1 (base 4) to base 6.
1
Convert -10 (base 3) to base 16.
-3
Convert 3 (base 7) to base 9.
3
What is -27 (base 13) in base 5?
-113
Convert -ba (base 13) to base 11.
-12a
3 (base 6) to base 7
3
Convert 48 (base 12) to base 10.
56
-10 (base 10) to base 7
-13
Convert -5 (base 16) to base 15.
-5
Convert -1111 (base 2) to base 4.
-33
Convert 1 (base 7) to base 6.
1
Convert 1 (base 13) to base 9.
1
Convert -32 (base 4) to base 12.
-12
Convert -5 (base 10) to base 5.
-10
-121 (base 4) to base 6
-41
What is 10 (base 11) in base 4?
23
-7 (base 14) to base 5
-12
What is -8 (base 15) in base 10?
-8
What is 0 (base 6) in base 12?
0
Convert -22 (base 10) to base 2.
-10110
-33 (base 4) to base 12
-13
-24 (base 7) to base 13
-15
Convert 30 (base 8) to base 10.
24
2 (base 3) to base 8
2
What is 300 (base 6) in base 16?
6c
100100 (base 2) to base 6
100
What is -22 (base 8) in base 2?
-10010
Convert 456 (base 7) to base 3.
22210
What is 2 (base 16) in base 8?
2
7 (base 9) to base 5
12
Convert -74 (base 15) to base 5.
-414
What is 26 (base 16) in base 7?
53
Convert -20 (base 6) to base 3.
-110
Convert -e (base 16) to base 2.
-1110
174 (base 10) to base 9
213
Convert 0 (base 2) to base 3.
0
Convert -161 (base 7) to base 14.
-68
2 (base 14) to base 9
2
Convert 15 (base 9) to base 14.
10
-10 (base 3) to base 8
-3
What is 1 (base 12) in base 3?
1
5 (base 15) to base 9
5
9 (base 16) to base 11
9
Convert 0 (base 6) to base 10.
0
What is -60 (base 12) in base 14?
-52
Convert -140 (base 5) to base 9.
-50
What is -60 (base 8) in base 9?
-53
What is -8 (base 12) in base 11?
-8
What is 0 (base 14) in base 7?
0
What is e (base 16) in base 13?
11
2 (base 9) to base 2
10
What is 13 (base 9) in base 7?
15
What is 1210 (base 3) in base 5?
143
Convert -10 (base 7) to base 3.
-21
Convert -45 (base 7) to base 4.
-201
111100 (base 2) to base 5
220
Convert 3c (base 14) to base 7.
105
Convert -466 (base 7) to base 10.
-244
Convert -304 (base 5) to base 7.
-142
Convert 4 (base 14) to base 2.
100
What is -11300 (base 4) in base 12?
-268
What is -4 (base 7) in base 4?
-10
0 (base 9) to base 10
0
Convert 44 (base 13) to base 12.
48
Convert a (base 13) to base 4.
22
-b (base 16) to base 3
-102
What is 10 (base 2) in base 6?
2
39 (base 15) to base 11
4a
-6f (base 16) to base 5
-421
What is 28 (base 14) in base 4?
210
Convert 120 (base 8) to base 16.
50
What is 106 (base 10) in base 2?
1101010
What is 2b (base 12